{"id":329,"date":"2020-12-11T04:33:52","date_gmt":"2020-12-11T04:33:52","guid":{"rendered":"https:\/\/cieplan.org\/new\/?page_id=329"},"modified":"2020-12-11T06:48:25","modified_gmt":"2020-12-11T06:48:25","slug":"memoria-40-anos-cieplan","status":"publish","type":"page","link":"https:\/\/cieplan.org\/new\/memoria-40-anos-cieplan\/","title":{"rendered":"Memoria 40 a\u00f1os Cieplan"},"content":{"rendered":"\n<figure class=\"wp-block-image size-large\"><img loading=\"lazy\" width=\"360\" height=\"520\" src=\"https:\/\/cieplan.org\/new\/wp-content\/uploads\/2020\/12\/40-anios.png\" alt=\"\" class=\"wp-image-330\" srcset=\"https:\/\/cieplan.org\/new\/wp-content\/uploads\/2020\/12\/40-anios.png 360w, https:\/\/cieplan.org\/new\/wp-content\/uploads\/2020\/12\/40-anios-208x300.png 208w, https:\/\/cieplan.org\/new\/wp-content\/uploads\/2020\/12\/40-anios-150x217.png 150w, https:\/\/cieplan.org\/new\/wp-content\/uploads\/2020\/12\/40-anios-300x433.png 300w\" sizes=\"(max-width: 360px) 100vw, 360px\" \/><\/figure>\n\n\n\n<p><strong>Autor:&nbsp;<\/strong>Cieplan<br><strong>A\u00f1o:&nbsp;<\/strong>2016<br><strong>Editorial:&nbsp;<\/strong>Cieplan<br><strong>N\u00famero de p\u00e1ginas:&nbsp;<\/strong>75<br><strong>ISBN:&nbsp;<\/strong>&#8211;<\/p>\n\n\n\n<p>Con esta publicaci\u00f3n queremos compartir algunos de los momentos emblem\u00e1ticos de nuestro centro de estudios y agradecer el apoyo que nos han dado personas e instituciones a lo largo de cuatro d\u00e9cadas.&nbsp;<\/p>\n\n\n\n<p>Quienes hemos trabajado en esta corporaci\u00f3n hemos intentado contribuir al dise\u00f1o e implementaci\u00f3n de pol\u00edticas p\u00fablicas que ayuden a construir un mpa\u00eds con mejores oportunidades para su gente y con un futuro basado en el crecimiento, la equidad y el desarrollo sostenible.<\/p>\n\n\n\n<p>Al mismo tiempo, en todos estos a\u00f1os hemos creado redes de investigaci\u00f3n con centros de estudios latinoamericanos, con el objetivo de mirar la regi\u00f3n como un conjunto y proponer posibles caminos de integraci\u00f3n para enfrentar de mejor manera los desaf\u00edos del siglo XXI y avanzar en un modelo de crecimiento inclusivo que permita mejorar las condiciones de vida de las personas.<\/p>\n\n\n\n<p>CIEPLAN naci\u00f3 como un centro de estudios al interior de la Universidad Cat\u00f3lica cuando, a comienzos de los 70, Fernando Castillo Velasco impulsaba una gran reforma en la Universidad Cat\u00f3lica. Sin embargo, despu\u00e9s del golpe de Estado, muchos acad\u00e9micos fueron despedidos y&nbsp;<strong>CIEPLAN decidi\u00f3 transformarse en una organizaci\u00f3n independiente.<\/strong>&nbsp;El primer cap\u00edtulo de esta memoria hace una s\u00edntesis de la escuela de pensamiento que lleg\u00f3 a crear nuestra corporaci\u00f3n durante los a\u00f1os del r\u00e9gimen militar, planteando una visi\u00f3n econ\u00f3mica alternativa y \u2014al mismo tiempo\u2014 promoviendo el retorno de la democracia.<\/p>\n\n\n\n<p>El segundo cap\u00edtulo se refiere a la influencia de CIEPLAN en las pol\u00edticas p\u00fablicas que se implementaron en Chile a partir de 1990. Adem\u00e1s de aportarelementos t\u00e9cnicos a la discusi\u00f3n pol\u00edtico-econ\u00f3mica, hemos aportado a la formaci\u00f3n de l\u00edderes que han asumido cargos de gran relevancia en la conducci\u00f3n del pa\u00eds. De hecho,&nbsp;<strong>quince ministros de Estado trabajaron en CIEPLAN y, en distintas etapas hist\u00f3ricas, han seguido vinculados a nuestro think tank.<\/strong><\/p>\n\n\n\n<p>Por \u00faltimo, abordamos el rol que ha jugado nuestro centro de estudios en Am\u00e9rica Latina, desde su origen hasta hoy d\u00eda, destacando especialmente la formaci\u00f3n de profesionales en toda la regi\u00f3n, la producci\u00f3n de estudios comparados, la formulaci\u00f3n de modelos y propuestas de pol\u00edticas p\u00fablicas regionales y la creaci\u00f3n de grandes programas de investigaci\u00f3n en varios pa\u00edses, mirando Am\u00e9rica Latina y el Este de Asia.<\/p>\n\n\n\n<p>Recientemente, hemos comenzado a desarrollar un programa de investigaci\u00f3n con la Universidad de Talca que abre un nuevo espacio para establecer una alianza estrat\u00e9gica entre un think tank y una universidad regional destacada por sus credenciales acad\u00e9micas de excelencia, con la mirada puesta en el futuro del pa\u00eds y la regi\u00f3n en temas fundamentales como la innovaci\u00f3n productiva y social, el desarrollo inclusivo y los desaf\u00edos emergentes.<\/p>\n\n\n\n<p>Como toda historia, es probable que est\u00e9 incompleta y que \u2014por razones de espacio\u2014 hayan quedado demasiadas cosas en el tintero. Pero m\u00e1s all\u00e1 de los detalles, quisi\u00e9ramos rescatar el esp\u00edritu de trabajo colaborativo que ha caracterizado a esta instituci\u00f3n, la rigurosidad en sus investigaciones, el profesionalismo y la pasi\u00f3n por el servicio p\u00fablico.<\/p>\n\n\n\n<p><\/p>\n","protected":false},"excerpt":{"rendered":"<p>Autor:&nbsp;CieplanA\u00f1o:&nbsp;2016Editorial:&nbsp;CieplanN\u00famero de p\u00e1ginas:&nbsp;75ISBN:&nbsp;&#8211; Con esta publicaci\u00f3n queremos compartir algunos de los momentos emblem\u00e1ticos de nuestro centro de estudios y agradecer el apoyo que nos han dado personas e instituciones a lo largo de cuatro d\u00e9cadas.&nbsp; Quienes hemos trabajado en esta corporaci\u00f3n hemos intentado contribuir al dise\u00f1o e implementaci\u00f3n de pol\u00edticas p\u00fablicas que ayuden a construir [&hellip;]<\/p>\n","protected":false},"author":1,"featured_media":330,"parent":0,"menu_order":0,"comment_status":"closed","ping_status":"closed","template":"","meta":{"tdm_status":"","tdm_grid_status":""},"_links":{"self":[{"href":"https:\/\/cieplan.org\/new\/wp-json\/wp\/v2\/pages\/329"}],"collection":[{"href":"https:\/\/cieplan.org\/new\/wp-json\/wp\/v2\/pages"}],"about":[{"href":"https:\/\/cieplan.org\/new\/wp-json\/wp\/v2\/types\/page"}],"author":[{"embeddable":true,"href":"https:\/\/cieplan.org\/new\/wp-json\/wp\/v2\/users\/1"}],"replies":[{"embeddable":true,"href":"https:\/\/cieplan.org\/new\/wp-json\/wp\/v2\/comments?post=329"}],"version-history":[{"count":2,"href":"https:\/\/cieplan.org\/new\/wp-json\/wp\/v2\/pages\/329\/revisions"}],"predecessor-version":[{"id":431,"href":"https:\/\/cieplan.org\/new\/wp-json\/wp\/v2\/pages\/329\/revisions\/431"}],"wp:featuredmedia":[{"embeddable":true,"href":"https:\/\/cieplan.org\/new\/wp-json\/wp\/v2\/media\/330"}],"wp:attachment":[{"href":"https:\/\/cieplan.org\/new\/wp-json\/wp\/v2\/media?parent=329"}],"curies":[{"name":"wp","href":"https:\/\/api.w.org\/{rel}","templated":true}]}}